alse
Is 55127 composite?
False
Is 7552043 a prime number?
True
Is 24545503 composite?
True
Is 43753 a prime number?
True
Is 95736901 prime?
False
Is 3531993 a composite number?
True
Is 7610303 prime?
True
Is 14194891 a composite number?
True
Is 24902193 prime?
False
Is 4298629 composite?
False
Is 12255569 a composite number?
True
Is 12947943 composite?
True
Is 37873037 a composite number?
False
Is 22030001 a prime number?
False
Is 12976167 composite?
True
Is 21765959 a composite number?
True
Is 1489351 a composite number?
False
Is 1458371 prime?
True
Is 10983655 composite?
True
Is 16868282 composite?
True
Is 776418193 a prime number?
True
Is 6247643 prime?
False
Is 62085657 prime?
False
Is 2550611 prime?
False
Is 97639387 composite?
True
Is 47005771 prime?
False
Is 87364769 a prime number?
True
Is 6658991 a prime number?
False
Is 9004231 a prime number?
True
Is 3417031 a prime number?
False
Is 7102453 prime?
False
Is 4088087 composite?
False
Is 74169307 composite?
True
Is 14575271 a prime number?
True
Is 29955193 a prime number?
True
Is 17821619 a composite number?
True
Is 163784399 prime?
True
Is 1496578241 a composite number?
False
Is 25647127 a composite number?
True
Is 2826491 a composite number?
False
Is 461953 a prime number?
False
Is 210835187 composite?
True
Is 284832029 prime?
True
Is 13931333 prime?
False
Is 8953151 prime?
False
Is 9549101 a composite number?
False
Is 1727317 a composite number?
False
Is 2416123 prime?
True
Is 379451 composite?
False
Is 16529539 composite?
True
Is 257786429 composite?
False
Is 612069121 prime?
True
Is 43976087 composite?
True
Is 7490363 a prime number?
True
Is 28963943 prime?
True
Is 28363 prime?
False
Is 13575089 prime?
False
Is 25091383 composite?
True
Is 3916229 prime?
True
Is 35290579 a prime number?
False
Is 5557697 composite?
True
Is 64522847 a prime number?
True
Is 9042329 prime?
False
Is 26501669 prime?
True
Is 248618087 composite?
True
Is 17704669 a prime number?
True
Is 16277069 composite?
False
Is 56350163 composite?
False
Is 2372257 a prime number?
True
Is 30459826 a prime number?
False
Is 2540101 a composite number?
True
Is 14748967 composite?
False
Is 170377243 a composite number?
False
Is 7773013 a prime number?
True
Is 701771349 a composite number?
True
Is 7351593 composite?
True
Is 718541 a composite number?
False
Is 607949 a prime number?
False
Is 27808133 composite?
False
Is 7449103 a prime number?
True
Is 3827841 composite?
True
Is 21531101 prime?
True
Is 753793 composite?
False
Is 4547873 prime?
False
Is 23721311 composite?
False
Is 13425539 a composite number?
False
Is 75063949 a prime number?
True
Is 1396193 prime?
False
Is 9085081 prime?
True
Is 149797 composite?
True
Is 1089841 a composite number?
False
Is 52551661 prime?
True
Is 47508779 a prime number?
True
Is 42999053 prime?
False
Is 9986059 a composite number?
True
Is 325823 prime?
False
Is 7090339 a composite number?
True
Is 57721 composite?
True
Is 57689987 prime?
False
Is 5858873 prime?
True
Is 16659463 a composite number?
False
Is 316722383 a prime number?
False
Is 5727749 composite?
True
Is 11377507 a prime number?
True
Is 35810947 a composite number?
False
Is 80015111 a prime number?
False
Is 461622181 composite?
False
Is 454563181 a composite number?
True
Is 1814738 prime?
False
Is 497851 a composite number?
False
Is 1230367 a composite number?
False
Is 1191103 composite?
False
Is 2811959 prime?
True
Is 60311311 a composite number?
True
Is 260336383 a prime number?
True
Is 87354611 prime?
False
Is 644091037 prime?
True
Is 9594079 composite?
True
Is 694383 composite?
True
Is 120749581 a composite number?
True
Is 2281403 a composite number?
False
Is 67035307 a prime number?
True
Is 224631343 composite?
True
Is 21972029 a composite number?
False
Is 19295009 composite?
False
Is 1079846485 a prime number?
False
Is 85158881 prime?
True
Is 17087047 prime?
True
Is 7721171 prime?
False
Is 357037 a composite number?
True
Is 1156507 prime?
False
Is 5656831 composite?
True
Is 18818119 composite?
False
Is 5877881 prime?
True
Is 9838943 a composite number?
False
Is 484339 a composite number?
False
Is 29979769 a composite number?
False
Is 53605793 prime?
True
Is 4185659 a prime number?
False
Is 40189901 a composite number?
True
Is 2989879 prime?
True
Is 32417297 a composite number?
True
Is 655157 a composite number?
False
Is 120027091 a composite number?
True
Is 41056459 composite?
False
Is 10305181 composite?
False
Is 1029617 a composite number?
False
Is 70130527 prime?
False
Is 2750009 prime?
False
Is 58767682 prime?
False
Is 17828323 prime?
True
Is 14667887 prime?
False
Is 206295383 a prime number?
False
Is 2840839 prime?
False
Is 700386415 prime?
False
Is 10237687 prime?
False
Is 63761667 a prime number?
False
Is 16075067 prime?
True
Is 80113933 prime?
False
Is 12814457 a prime number?
True
Is 4215569 prime?
False
Is 111670231 a prime number?
False
Is 295751 prime?
True
Is 3684293 composite?
False
Is 1255577 composite?
True
Is 8849627 a prime number?
True
Is 206447 prime?
True
Is 6128443 a composite number?
True
Is 7154533 prime?
False
Is 2374917637 composite?
False
Is 46943909 composite?
False
Is 28697705 a composite number?
True
Is 43266805 composite?
True
Is 2965579 a prime number?
True
Is 22111757 a composite number?
True
Is 54786923 prime?
False
Is 101704259 a composite number?
True
Is 143905147 prime?
True
Is 2447773 a composite number?
False
Is 18766214 composite?
True
Is 494607241 prime?
True
Is 129401513 a composite number?
False
Is 16706839 a prime number?
True
Is 1601459 a prime number?
True
Is 3221807 prime?
True
Is 800244041 a composite number?
False
Is 7799665 a prime number?
False
Is 7796707 a composite number?
True
Is 178894601 composite?
False
Is 442733 a prime number?
True
Is 96570311 composite?
True
Is 23225701 a composite number?
False
Is 246893 a composite number?
True
Is 79913927 composite?
True
Is 20626621 composite?
False
Is 13056499 a composite number?
False
Is 165607 a composite number?
True
Is 21432647 a composite number?
True
Is 249816659 prime?
False
Is 454114201 composite?
True
Is 84300623 composite?
True
Is 15754979 a composite number?
False
Is 7974041 prime?
True
Is 35793469 a composite number?
False
Is 4722163 composite?
False
Is 6735311 prime?
False
Is 110229019 a composite number?
False
Is 4768949 composite?
True
Is 22816831 prime?
True
Is 116209 composite?
True
Is 12052198 prime?
False
Is 1415131 prime?
False
Is 20753335 prime?
False
Is 5591965 composite?
True
Is 50523097 prime?
True
Is 29872771 prime?
False
Is 422622593 a prime number?
False
Is 11121037 composite?
False
Is 5460971 composite?
False
Is 851597 a composite number?
False
Is 63101779 a prime number?
False
Is 14770289 a composite number?
True
Is 34765127 composite?
True
Is 5066987 a prime number?
True
Is 7891361 a composite number?
False
Is 1736381 a composite number?
True
Is 64051249 a prime number?
True
Is 356128519 composite?
True
Is 78357073 a composite number?
False
Is 8413081 a prime number?
False
Is 36250381 composite?
False
Is 2504737 a composite number?
False
Is 2356121 composite?
True
Is 312827311 a composite number?
False
Is 14210639 prime?
False
Is 772661497 a prime number?
False
Is 57967759 a prime number?
True
Is 171032203 composite?
True
Is 805559 composite?
False
Is 158068177 a composite number?
True
Is 368157 a prime number?
False
Is 8267053 a prime number?
False
Is 215114563 a prime number?
True
Is 1133039 a composite number?
False
Is 530309315 a composite number?
True
Is 2083031 a composite number?
True
Is 2151917 composite?
False
Is 31756981 a prime number?
True
Is 171708541 a prime number?
True
Is 24582043 a prime number?
True
Is 14187871 prime?
True
Is 8777339 a prime number?
True
Is 25985623 composite?
True
Is 928554293 a prime number?
True
Is 148466953 a composite number?
False
Is 1406879 prime?
True
Is 4242307 a prime number?
True
Is 5987129 composite?
False
Is 17252579 a composite number?
False
Is 205483 a prime number?
True
Is 253327511 prime?
True
Is 38795527 a prime number?
True
Is 12139153 a prime number?
False
Is 1304413 prime?
False
Is 6124681 composite?
False
Is 319639 a composite number?
False
Is 73217 composite?
True
Is 8441219 a prime number?
False
Is 21516163 a prime number?
False
Is 1245